base 11, what is 4905 + 1?
4906
In base 11, what is 3 + -61a5?
-61a2
In base 7, what is 5603 - 434?
5136
In base 11, what is a2201 + -3?
a21a9
In base 12, what is 2139 + -7b?
207a
In base 11, what is -25 + 57?
32
In base 2, what is -101000 - 1110011100?
-1111000100
In base 2, what is 11100001011111 + -101?
11100001011010
In base 7, what is -2432 - 63?
-2525
In base 7, what is -1 - -152056?
152055
In base 7, what is -1244314 + 1?
-1244313
In base 7, what is 636 - -111?
1050
In base 7, what is 21140 - -46?
21216
In base 8, what is 473 + -12?
461
In base 9, what is 856 - -131?
1087
In base 16, what is 1 + -2e72?
-2e71
In base 9, what is -4680 + 61?
-4618
In base 4, what is -23230 + 203?
-23021
In base 14, what is 8 + -9a68?
-9a60
In base 10, what is -89 + 34?
-55
In base 11, what is 66 - -7853?
7909
In base 15, what is 2 - 2ca0d?
-2ca0b
In base 3, what is 2011011 + -1110100?
200211
In base 8, what is 11347 + -6?
11341
In base 12, what is -17b - a7?
-266
In base 2, what is -11111 - -11011100110000?
11011100010001
In base 12, what is -13b91 - 0?
-13b91
In base 7, what is -106005 - 53?
-106061
In base 9, what is -13 - 2247?
-2261
In base 4, what is -22120110 + -10?
-22120120
In base 9, what is 3177 - 14?
3163
In base 13, what is 2 + -2623c?
-2623a
In base 14, what is -4 - -105d?
1059
In base 3, what is 11211001 + 1220020?
20201021
In base 11, what is 1 + -11866?
-11865
In base 7, what is 13 - -16103?
16116
In base 10, what is 75545 - -2?
75547
In base 12, what is 161197 - 4?
161193
In base 13, what is -17 + -9ca?
-a14
In base 13, what is -50b67 + -1?
-50b68
In base 2, what is 11110111001010101 - -101?
11110111001011010
In base 11, what is 9409 - -163?
9571
In base 13, what is -39 + -23b?
-277
In base 14, what is -2 + 12a71?
12a6d
In base 16, what is 800f - -20?
802f
In base 3, what is 20222222 - 211122?
20011100
In base 11, what is -792452 - -5?
-792448
In base 12, what is -2 + 139a3?
139a1
In base 3, what is 2002 + -222221?
-220212
In base 4, what is -1 - -22332131?
22332130
In base 16, what is -6d6 + -8?
-6de
In base 11, what is -3a64 + 122?
-3942
In base 8, what is -1154 + -107?
-1263
In base 16, what is -14939 + -4?
-1493d
In base 15, what is -1a5cab + -4?
-1a5cb0
In base 3, what is -212100 + 1121202?
202102
In base 14, what is 33 - 1418?
-13c5
In base 4, what is -2 + -311320?
-311322
In base 16, what is -120cc + 5?
-120c7
In base 2, what is -100111010011000000 - 11?
-100111010011000011
In base 10, what is 6410 - 25?
6385
In base 8, what is -13 + -1307410?
-1307423
In base 10, what is 4 - -101016?
101020
In base 6, what is 441 - 12203?
-11322
In base 9, what is 235 - -112?
347
In base 4, what is -3 - 2230200?
-2230203
In base 8, what is 277377 - 4?
277373
In base 13, what is 5a21 + 44?
5a65
In base 5, what is -1111303 + 3?
-1111300
In base 11, what is -202 + 189?
-24
In base 3, what is 1 - 10210101110?
-10210101102
In base 12, what is -778 + -384?
-b40
In base 16, what is 12b - -15?
140
In base 16, what is -25 + -16c1?
-16e6
In base 15, what is -25b - -76?
-1d5
In base 5, what is 41133231 - -2?
41133233
In base 14, what is -18 + -3072?
-308a
In base 12, what is -4909 - -1?
-4908
In base 16, what is -8b253 + 1?
-8b252
In base 13, what is -3 + 9923?
9920
In base 5, what is 1303 + -142211?
-140403
In base 13, what is a83 + -7a?
a06
In base 14, what is 1570d + -2?
1570b
In base 13, what is -662b + 1?
-662a
In base 2, what is 1110100100001 + 101?
1110100100110
In base 5, what is -124313 - -12?
-124301
In base 2, what is -1011010101111000010 + -10?
-1011010101111000100
In base 12, what is 1970 - 135?
1837
In base 16, what is 5 - 1decd?
-1dec8
In base 7, what is 66 - 1325?
-1226
In base 13, what is 3 + -2ca0?
-2c9a
In base 7, what is 315 + -1430?
-1112
In base 6, what is 1405451 - -4?
1405455
In base 3, what is -2001111120102 - -2?
-2001111120100
In base 5, what is 10 - 304002401?
-304002341
In base 5, what is 2302 - -12?
2314
In base 9, what is 22858 + 61?
23030
In base 16, what is -3 + 254f?
254c
In base 9, what is -8 + 77?
68
In base 6, what is -2 - -14512?
14510
In base 13, what is c1a5 - -39?
c211
In base 14, what is -35 - 8c7c?
-8cb3
In base 11, what is 4368 - 2?
4366
In base 2, what is -1111101 - 111100?
-10111001
In base 8, what is -4 - 70664?
-70670
In base 16, what is b085d + 5?
b0862
In base 8, what is 6 + -70712?
-70704
In base 16, what is 2 + 7ad6?
7ad8
In base 2, what is -100 - -11111010101010?
11111010100110
In base 5, what is 2320 - 12324?
-10004
In base 6, what is 41351 - -43?
41434
In base 16, what is 5 - e31e7?
-e31e2
In base 2, what is 11 - 10000010101001100100?
-10000010101001100001
In base 9, what is -5 + -33014?
-33020
In base 11, what is 2a88 + 2?
2a8a
In base 14, what is 6a - -204?
270
In base 6, what is -1150134 + -14?
-1150152
In base 11, what is 8716 - 8?
8709
In base 2, what is 100111001000100011 - -1?
100111001000100100
In base 6, what is -50313 - -2?
-50311
In base 5, what is 11102 - 201140?
-140033
In base 11, what is 0 - -7558?
7558
In base 15, what is 84 + -cd2?
-c4d
In base 4, what is -10 + 1101033?
1101023
In base 15, what is 5 + 71900?
71905
In base 9, what is 153883 + -3?
153880
In base 14, what is -b03 + -13c?
-c41
In base 14, what is -c5bc + -a?
-c5c8
In base 8, what is 623 + -7?
614
In base 10, what is 501160 - 1?
501159
In base 6, what is -44053 - -13?
-44040
In base 14, what is 4 - 2887bb?
-2887b7
In base 5, what is -1 + -134334?
-134340
In base 7, what is -3 + -2022140?
-2022143
In base 14, what is -2756 - 1?
-2757
In base 5, what is 42312 - 44?
42213
In base 8, what is 2554 - 211?
2343
In base 14, what is -7 + -271b9?
-271c2
In base 3, what is -20002100 + -1?
-20002101
In base 8, what is -2 + 20353?
20351
In base 11, what is 4 + -1546?
-1542
In base 13, what is -34 - 52b02?
-52b36
In base 11, what is 95 + 1700?
1795
In base 8, what is 333734 + 14?
333750
In base 13, what is 4189 + -93?
40c6
In base 6, what is 421 + -1250?
-425
In base 15, what is -a9 + -815?
-8be
In base 12, what is -6 + 1a5063?
1a5059
In base 9, what is -1 + -716632?
-716633
In base 2, what is 1111000 - 10111110000?
-10101111000
In base 4, what is -33121303 - 0?
-33121303
In base 5, what is 241 - -4222?
10013
In base 5, what is 1 - 32411?
-32410
In base 10, what is 1606 - -4?
1610
In base 4, what is -2231223221 + 3?
-2231223212
In base 15, what is -316e + 15?
-3159
In base 3, what is -1 - 2010122221?
-2010122222
In base 12, what is -4 + 210b57?
210b53
In base 3, what is 20222012 - -11011?
21010100
In base 2, what is 1010101100110 - 111011110?
1001110001000
In base 13, what is 2c0 - -170c?
19cc
In base 10, what is -7367 - 44?
-7411
In base 15, what is 0 + 148ab?
148ab
In base 8, what is -3021 + -4423?
-7444
In base 13, what is 11 - -124b10?
124b21
In base 9, what is 3648 - -1104?
4753
In base 13, what is -5 - -13a42?
13a3a
In base 12, what is 13a10 + 12?
13a22
In base 7, what is 3433565 - 1?
3433564
In base 16, what is -6 + -4aa0?
-4aa6
In base 3, what is 12011121 - 121?
12011000
In base 16, what is -576 + -79?
-5ef
In base 3, what is -20212201212 + -1?
-20212201220
In base 15, what is -b + 27ee?
27e3
In base 16, what is -c0933 + -3?
-c0936
In base 7, what is -26 + 10041?
10012
In base 14, what is 96 + -9b?
-5
In base 10, what is 13 - -6594?
6607
In base 14, what is 26 + -1d79?
-1d53
In base 2, what is -101 + -11100100010011010010?
-11100100010011010111
In base 6, what is 120152 - -42?
120234
In base 2, what is 11101101 - 10001111011010?
-10001011101101
In base 11, what is -26 - 544?
-56a
In base 11, what is -6 - 12a86?
-12a91
In base 8, what is -2 - -25310?
25306
In base 10, what is 8 + 269755?
269763
In base 15, what is 2a5 + 19?
2be
In base 9, what is -23 - -12367?
12344
In base 7, what is 14 - -330631?
330645
In base 13, what is 4 - a4ccb?
-a4cc7
In base 15, what is -71d82 + -1?
-71d83
In base 4, what is 3 + 3002322?
3002331
In base 6, what is 1233202 + 0?
1233202
In base 8, what is 1 - -27107?
27110
In base 13, what is -39bc - 19?
-3a08
In base 7, what is -4 - 22411?
-22415
In base 7, what is 121 + 6642?
10063
In base 15, what is -52097 - 1?
-52098
In base 9, what is -104 + 4431?
4326
In base 3, what is 100112 + 2202?
110021
In base 6, what is 1553024 - -1?
1553025
In base 8, what is 2563710 - 1?
2563707
In base 4, what is 11 - 201